hat is c(2)?
-20
Let j(m) = m**3 + 10*m**2 + 3*m + 9. Give j(-10).
-21
Let n(x) = x**3 + 3*x**2 + 12*x + 33. Determine n(-3).
-3
Let s(i) = i**3 + 8*i**2 + 8*i + 3. What is s(-7)?
-4
Let t(w) = -w - 12. Give t(-12).
0
Let s(g) = -g**2 + 12*g - 28. Determine s(9).
-1
Let x(o) = o**3 - 8*o**2 + 5*o - 3. What is x(5)?
-53
Let n(a) = a**3 - 5*a**2 - 13*a + 5. Calculate n(7).
12
Let v(h) = h**2 + 26*h + 55. What is v(-21)?
-50
Let f(a) = -a**3 - 7*a**2 - 4*a + 5. Give f(-7).
33
Let i(t) = -2*t**2 - 5*t + 12. Give i(-5).
-13
Let h(n) = 5*n - 21. What is h(-10)?
-71
Let z(l) = -l**2 + 20*l - 7. What is z(6)?
77
Let r(i) = -11*i + 15. Determine r(7).
-62
Let u(a) = -a + 14. Determine u(8).
6
Let k(c) = 2*c**2 - 6*c - 10. What is k(7)?
46
Let v(n) = -4*n - 5. Calculate v(5).
-25
Let o(d) = -207*d - 414. Determine o(-2).
0
Let v(w) = -8*w**3 + 2*w**2 + 5*w + 3. Give v(-2).
65
Let y(f) = 11*f + 8. What is y(3)?
41
Let g(t) = -t**3 - 11*t**2 - 9*t + 6. Determine g(-11).
105
Let i(z) = 39*z - 892. Calculate i(23).
5
Let i(a) = -a**2 - 8*a + 19. Determine i(-14).
-65
Let u(q) = -2*q - 3. Determine u(-2).
1
Let b(f) = 2*f - 12. Give b(10).
8
Let o(g) = g**2 + 5*g + 5. Give o(-3).
-1
Let f(l) = l - 2. Calculate f(1).
-1
Let z(x) = -56*x - 392. Determine z(-7).
0
Let q(d) = -13*d + 70. What is q(4)?
18
Let z(u) = -u**3 + 2*u**2 + 1. Give z(0).
1
Let m(z) = -z**3 + 6*z**2 + 8*z + 8. Determine m(7).
15
Let z(m) = m**3 - 4*m**2 + 8*m - 18. Determine z(5).
47
Let g(b) = -2*b**3 + 30*b**2 - 29*b + 15. What is g(14)?
1
Let t(z) = -z**2 + 35*z - 94. What is t(32)?
2
Let a(g) = -g**3 - 5*g**2 - 2*g - 10. Calculate a(-5).
0
Let y(z) = z**2 - 2*z - 12. Calculate y(5).
3
Let q(l) = -l**3 + 12*l**2 - 6*l - 11. What is q(11)?
44
Let x(w) = 26*w - 118. What is x(5)?
12
Let r(w) = 3*w + 112. Calculate r(-33).
13
Let f(w) = 5*w - 1. What is f(2)?
9
Let v(s) = -5*s**2 - 11*s + 22. Calculate v(2).
-20
Let n(k) = k**3 + 5*k**2 - 10*k + 19. Give n(-7).
-9
Let x(n) = -n - 18. Give x(-12).
-6
Let f(z) = -5*z**2 + 10*z. Calculate f(-2).
-40
Let p(w) = -w**3 + 9*w**2 - 16*w + 92. Calculate p(8).
28
Let m(i) = -i**2 + i - 9. Give m(-6).
-51
Let j(q) = -2*q + 27. What is j(14)?
-1
Let b(m) = -m**2 + 18*m - 42. Determine b(16).
-10
Let m(z) = -z**3 + 7*z**2 - 3*z + 49. Calculate m(7).
28
Let m(l) = -7*l - 24. Determine m(-5).
11
Let f(x) = -2*x**2 - 8*x + 16. Determine f(3).
-26
Let s(l) = -l**3 + 10*l**2 + 12*l - 18. Calculate s(11).
-7
Let n(l) = l**2 - 14*l + 3. Determine n(14).
3
Let g(l) = -9*l. What is g(-1)?
9
Let n(b) = -b**3 + 4*b**2 + 3*b - 13. Calculate n(4).
-1
Let j(o) = 80*o + 323. Calculate j(-4).
3
Let g(d) = 27*d + 623. What is g(-23)?
2
Let i(k) = 2*k**2 + 52*k + 60. Determine i(-27).
114
Let l(g) = -g**2 + 14*g - 36. Calculate l(6).
12
Let v(b) = -b**3 - 29*b**2 - 80*b - 43. What is v(-26)?
9
Let u(w) = w**2 + 13*w + 23. What is u(-15)?
53
Let w(t) = -6*t + 38. Calculate w(5).
8
Let x(u) = -u**2 - 12*u - 18. Determine x(-10).
2
Let a(z) = 2*z**3 - 3*z**2 - 3*z - 1. Give a(3).
17
Let q(s) = 13*s**2 + 2*s. What is q(-2)?
48
Let n(t) = -t**3 + t**2 + 19. Determine n(0).
19
Let o(g) = 2*g**3 + 51*g**2 - 26*g - 2. Give o(-26).
-2
Let s(d) = -d**3 + 7*d**2 - 6*d - 14. Determine s(6).
-14
Let b(o) = o - 17. Determine b(-4).
-21
Let t(h) = -h**3 + 4*h**2 - 7*h + 4. What is t(2)?
-2
Let d(z) = z**2 + 18*z + 61. Determine d(-13).
-4
Let c(z) = 17*z - 20. Calculate c(-6).
-122
Let n(c) = 7*c + 12. Give n(-4).
-16
Let o(y) = 3*y**2 - 53*y + 33. Calculate o(17).
-1
Let j(p) = 6*p - 44. Give j(13).
34
Let a(k) = -k**2 - 11*k - 8. Calculate a(-11).
-8
Let k(s) = s**2 - 8*s - 7. Calculate k(9).
2
Let l(r) = -r**2 - 20*r - 34. Give l(-18).
2
Let k(v) = 2*v**3 + 3*v**2 + v - 1. Calculate k(-2).
-7
Let z(d) = d**3 + 8*d**2 - 5*d + 31. Determine z(-9).
-5
Let n(p) = -p**3 - 11*p**2 + 28*p + 19. Give n(-13).
-7
Let x(j) = -j**2 + 6*j + 1. What is x(6)?
1
Let r(c) = c**2 - 22*c + 12. Calculate r(21).
-9
Let c(v) = 2*v - 14. Calculate c(7).
0
Let b(s) = 5*s**3 + 2*s**2 - 4. Determine b(2).
44
Let r(b) = -12*b + 77. Give r(8).
-19
Let i(b) = 3*b**2 - 5*b - 10. Give i(3).
2
Let h(g) = -g + 23. Give h(29).
-6
Let p(f) = -f**2 - 9*f - 16. Calculate p(-8).
-8
Let h(p) = -9*p**2 - 3*p - 2. Calculate h(-2).
-32
Let c(n) = n**3 + 2*n**2 + 1. What is c(-2)?
1
Let k(b) = 4*b + 4. Give k(3).
16
Let u(m) = -7*m - 51. Give u(-15).
54
Let r(s) = 14*s - 6. Determine r(2).
22
Let b(k) = 7*k**2 + k + 1. Give b(-1).
7
Let g(j) = 3*j + 45. What is g(-14)?
3
Let y(w) = w**3 - 19*w**2 - 12*w + 227. Give y(19).
-1
Let r(o) = o**3 - 10*o**2 + 9*o + 11. What is r(9)?
11
Let g(k) = -2*k**2 + 31*k + 20. Calculate g(16).
4
Let p(h) = 2*h**2 - 28*h + 1. Give p(14).
1
Let k(p) = -4*p + 26. Calculate k(-12).
74
Let t(k) = -k + 10. What is t(13)?
-3
Let w(q) = 3*q + 8. What is w(-4)?
-4
Let j(z) = -z**3 - 21*z**2 - 21*z - 6. Determine j(-20).
14
Let j(b) = b**3 + 20*b**2 - 20*b - 4. Calculate j(-21).
-25
Let x(h) = h**2 + 2. Give x(-3).
11
Let o(t) = -t**2 - 12*t - 14. Determine o(-10).
6
Let m(h) = 5*h - 1. Give m(7).
34
Let a(q) = -71*q + 4. Determine a(1).
-67
Let k(g) = -g**3 - 7*g**2 - 3*g - 7. What is k(-7)?
14
Let r(f) = 11*f + 9. Give r(-3).
-24
Let r(t) = 2*t - 26. What is r(13)?
0
Let i(m) = -4*m - 37. Determine i(-3).
-25
Let q(s) = 2*s**3 - 9*s**2 - 7*s - 4. Calculate q(5).
-14
Let p(f) = 6*f - 12. Give p(0).
-12
Let h(l) = l + 27. Determine h(-13).
14
Let h(u) = u**3 + 3*u**2 - 18*u + 23. Calculate h(-6).
23
Let l(w) = -w**3 + 10*w**2 + 12*w - 16. Calculate l(11).
-5
Let w(q) = 2*q**3 + 23*q**2 + 31*q - 20. What is w(-10)?
-30
Let q(l) = l**2 - 4*l - 16. What is q(8)?
16
Let h(m) = -2*m**2 + 16*m - 23. Determine h(7).
-9
Let p(w) = -w**2 - 2*w + 45. Determine p(-7).
10
Let i(p) = 27*p - 296. Give i(11).
1
Let n(s) = -6*s - 2. What is n(4)?
-26
Let r(j) = 2*j**3 - 4*j**2 - 5*j + 6. Calculate r(4).
50
Let j(m) = m**2 - 28*m + 89. Calculate j(26).
37
Let w(l) = l**2 + 4*l - 14. Calculate w(5).
31
Let c(h) = h**2 - 2*h + 2. Determine c(1).
1
Let k(o) = -11*o + 44. Determine k(6).
-22
Let l(w) = w**2 + 5*w + 10. Determine l(-8).
34
Let o(k) = k**2 - 5*k + 3. Calculate o(4).
-1
Let w(g) = -g**2 + 9*g + 4. Determine w(0).
4
Let j(q) = 2*q**2 - 53*q - 5. What is j(27)?
22
Let y(g) = g**2 + 6*g + 9. What is y(6)?
81
Let m(n) = -66*n - 67. Calculate m(-1).
-1
Let b(u) = -3*u**3 + 34*u**2 - 8*u. Determine b(11).
33
Let k(n) = -4*n**2 + 3*n. What is k(2)?
-10
Let b(z) = -z**3 + 10*z**2 - 19*z - 25. Give b(6).
5
Let s(p) = p**2 - 26*p - 112. Calculate s(-4).
8
Let k(r) = -r**3 - 7*r**2 - 9. Calculate k(-7).
-9
Let a(p) = -p**3 + 10*p**2 + 9*p - 23. What is a(11)?
-45
Let n(d) = -2*d**2 - 12*d + 23. What is n(-8)?
-9
Let k(u) = 36*u - 4. Calculate k(3).
104
Let p(o) = o**2 - 18*o + 55. Calculate p(17).
38
Let t(w) = -w**3 + 6*w**2 + 15*w + 4. What is t(8)?
-4
Let v(j) = -158*j**2. What is v(-1)?
-158
Let b(a) = -3*a + 51. What is b(0)?
51
Let q(o) = 3*o + 37. Calculate q(-9).
10
Let q(w) = w**2 + 14*w - 39. What is q(-16)?
-7
Let q(o) = -2*o**2 + 11*o + 6. Determine q(8).
-34
Let j(c) = 35*c**2. What is j(-1)?
35
Let j(w) = 2*w**3 + 21*w**2 + 13*w + 17. Determine j(-10).
-13
Let z(d) = 2*d - 37. Give z(12).
-13
Let m(p) = 12*p**2 + 2*p - 1. Calculate m(1).
13
Let f(c) = -3*c**2 - 27*c - 50. Give f(-7).
-8
Let t(j) = 3*j**3 - j**2 - j. Calculate t(-1).
-3
Let i(d) = -d**3 + 6*d**2 - 10*d + 17. Determine i(4).
9
Let s(o) = 150*o + 608. Give s(-4).
8
Let l(v) = 2*v - 17. Calculate l(4).
-9
Let r(m) = -2*m**2 + 12*m - 12. Determine r(5).
-2
Let g(i) = -i**2 - 27*i + 231. Calculate g(7).
-7
Let d(n) = -n + 7. Calculate d(0).
7
Let z(y) = -18*y**2 - 3*y - 3. What is z(-1)?
-18
Let z(c) = 8*c - 61. Determine z(8).
3
Let u(b) = 38*b - 27. Calculate u(4).
125
Let b(f) = -f**2 - f + 7. Determine b(0).
7
Let d(j) = -j**2 + 15*j - 47. Give d(7).
9
Let v(a) = -a**3 - 25*a**2 + 29*a + 73. Calculate v(-26).
-5
Let a(c) = -c**3 - 17*c**2 - 17*c - 27. Give a(-16).
-11
Let b(r) = 57*r**3 + r + 1. Calculate b(-1).
-57
Let v(o) = 15*o + 67. Give v(-4).
7
Let j(x) = 2*x**3 - 52*x**2 - x + 6. Give j(26).
-20
Let w(t) = -t**3 - t**2 + t - 7. Determine w(0).
-7
Let s(w) = -w**3 - 4*w**2 - 4*w - 4. Give s(-3).
-1
Let b(u) = -3*u**2 - 24*u + 